) + 4*y(x). Is d(q) a prime number?
False
Is 20/50 - (-3586)/10 prime?
True
Let d = -63 + 33. Let c be 9/5*(-100)/d. Suppose -c*o + o = -395. Is o a prime number?
True
Let o(b) = b**3 - 4*b**2 + b + 3. Let t be o(3). Let m be (-2*t/6)/(-1). Is 110/m*1/(-2) a prime number?
False
Let m(w) = w**2 + 4*w - 8. Let z be m(-6). Suppose r = -0 + z. Suppose -476 = -r*x - 0*x. Is x composite?
True
Is 4/7 - 19131/(-49) prime?
False
Let o be 3/((-1)/2 - 1). Let a(x) = -28*x**3 - x**2 - x + 1. Is a(o) a composite number?
False
Is (-2 - -2236)/(3 - 1) prime?
True
Let d(l) = -12*l - 5. Let h(o) = o - 10. Let i be h(4). Is d(i) a prime number?
True
Suppose 0 = -4*t - 0*p - 3*p - 881, 3*t = 3*p - 645. Let z = t - -967. Is z a composite number?
True
Let z be (30/9)/(2/(-9)). Let i be ((-36)/z)/(6/(-405)). Let j = i - -251. Is j a composite number?
False
Let r(t) = -2*t**2 + 3*t + 1. Let l be r(3). Let a = l - -31. Is a a composite number?
False
Let d be (90/(-7))/(3/(-14)). Let k = 223 - d. Is k composite?
False
Is 3287/7 + (-4)/7 prime?
False
Let i(m) = m**3 - 4*m**2 + 3*m + 7. Is i(4) composite?
False
Let u be (-45)/27*(-1 + -2). Suppose -o = 4, 0 = u*g - 0*g - 2*o - 1713. Is g composite?
True
Let a be 0/(-3 + 2 - -2). Is 188 - ((2 - a) + -1) prime?
False
Suppose -4*z + 258 = 3*q - 8, -q + 76 = -5*z. Is q a prime number?
False
Let y(a) = -7*a**2 - 11*a + 20. Let d(z) = 10*z**2 + 17*z - 30. Let t(j) = -5*d(j) - 7*y(j). Let i be t(-9). Is i*82 - 5/(-5) prime?
True
Let o(s) = -6*s**3 + 3*s**2 + 2*s + 2. Suppose -2*d + d = -4. Suppose 0*z = d*z + 8. Is o(z) a composite number?
True
Suppose -7*m - 9 = -10*m. Is 94 - (5 + (-6)/m) composite?
True
Is 662*(-2 - 15/(-6)) a composite number?
False
Suppose s - 157 = 2*a, -4*s + 0*a + 638 = -3*a. Is s composite?
True
Suppose -5*t - 5 = -50. Suppose -4*b + 5*u = -t*b + 310, 2*u = 2*b - 144. Is b a prime number?
True
Let z = -214 - -593. Is z a prime number?
True
Let o(q) = 8*q**2 - 2. Let j be o(-4). Suppose s = 4*s - j. Suppose 0 = 3*h - 117 - s. Is h a prime number?
True
Let y = -2874 - -6811. Is y a prime number?
False
Let a = -2 + 12. Is a prime?
False
Let p(q) = -q**3 - 13*q**2 - 12*q + 2. Let x be p(-12). Suppose 3*r - 879 = -x*g, 0 = 2*g - 4 - 2. Is r a prime number?
False
Is (-5)/20 - (-9573)/4 a prime number?
True
Let t(s) = -5 - 5 - 25*s + 14. Let p be t(3). Let z = 126 + p. Is z a composite number?
True
Let c = -261 + 478. Let y = c + -88. Is y prime?
False
Let a(u) = -6*u**2 - 3*u**3 + 4*u**3 + 2*u**3 - 1 - 2*u**3. Let h be a(6). Let y = 120 + h. Is y a prime number?
False
Suppose 4*x - 2*x = 10. Suppose 0 = 2*s - x - 9. Is s a prime number?
True
Let h(q) = 442*q**2 - q + 2. Is h(1) a prime number?
True
Suppose 0 = -5*d + 13 + 2. Suppose -d*u = 2*u - 100. Is (42/12)/(2/u) prime?
False
Let z(w) be the first derivative of -w**3/6 + w**2 + 5*w - 1. Let c(q) be the first derivative of z(q). Is c(-5) a prime number?
True
Let b = 5 + -1. Suppose l + b*l - 310 = 0. Is l prime?
False
Suppose k + 3*l = -4*k + 121, -5*l = -4*k + 119. Let s be 56/k + 8/(-52). Is 34 - (-3 + 4/s) composite?
True
Let y be ((-39)/3 - -2)/(-1). Let c(s) = s**2 - 10*s - 8. Let m be c(y). Is 1/m - (-123)/9 composite?
True
Let v be (1 - -1) + (-16 - 0). Suppose -3*d - 3*s + 7 - 25 = 0, 0 = -s - 4. Is ((-15)/(-3))/(d/v) composite?
True
Suppose 3*a + a + j - 40 = 0, -a - 5*j = -29. Is (-1)/(-3)*a + 54 composite?
True
Let x(o) = -61*o + 2. Let c be x(-2). Suppose c = -2*i + 6*i. Is i a composite number?
False
Is 6/10 - (-366)/15 composite?
True
Let r = 7 + -1. Suppose 46 = 2*f + 4*c, -2*c + r*c - 8 = 0. Is f a composite number?
False
Suppose 8*k - 14896 + 440 = 0. Is k prime?
False
Let i = 657 + -175. Is i prime?
False
Let y(p) = -35*p + 1. Let t be y(-4). Suppose 0 = -4*f + 15 - 3. Suppose 188 = 4*g + 2*i, f*g = -i + 5*i + t. Is g prime?
True
Let v(i) = 2*i**2 - 15*i + 12. Is v(11) a composite number?
False
Let k = 2595 - 1382. Is k composite?
False
Suppose -2*o - 5*h = -7 - 5, 0 = -3*o - 3*h. Let l = o - -2. Is 36 - (-2)/(l - -4) a composite number?
False
Let m(t) = t**2 + 2*t - 2. Let a be m(-2). Is 0 + (149*a)/(-2) prime?
True
Let d be -1*((-1 - 0) + 8). Let o = d - -10. Suppose -p - 4 = -2*n - 23, -o*n + 9 = 0. Is p composite?
True
Suppose 0 = j - 292 - 591. Is j prime?
True
Let i = -922 - -3423. Is i a composite number?
True
Suppose -8 = -2*j - 2*j. Let p be (j/(-4))/(2/(-12)). Is (2/p)/((-2)/(-237)) prime?
True
Is (3 - 1) + (405 - -2) a prime number?
True
Suppose 0 = -3*u - 4*l + 69, -4*l = -0*u + 2*u - 50. Is u composite?
False
Let p = 348 + 823. Is p a prime number?
True
Let k = 206 - -26. Suppose -k - 420 = -4*v. Is v composite?
False
Let s(j) = j**3 - j**2 + j + 3. Let q be s(4). Let y = 102 + q. Is y a prime number?
True
Suppose -3*p + 7*p + 3*d - 3005 = 0, 5*p - d = 3742. Is p a prime number?
False
Suppose 3*y - 4 = 29. Suppose -10*j = -y*j + 53. Is j prime?
True
Is (-12)/12 - 89*-2 composite?
True
Suppose -d = n - 9 + 1, 5*d - 28 = -n. Suppose -n*f + 33 = -2*f. Is f a prime number?
False
Suppose 4*n - 41 - 179 = 0. Let t(w) = -w**3 - 5*w**2 + 5*w - 3. Let b be t(-6). Suppose -10 + n = b*z. Is z a prime number?
False
Let s = 5 + -5. Suppose s = u - 5*d - 68 - 3, 2*u - 5*d = 162. Is u prime?
False
Let d = -5 + -6. Let w = -9 - d. Suppose w*x + 149 = 519. Is x a composite number?
True
Let v = 17 + -24. Let a(t) be the first derivative of 2*t**3/3 - 3*t**2/2 - 6*t - 1. Is a(v) prime?
True
Suppose 0 = -5*f + 2*q + 785, -2*f + 96 = q - 227. Is f a composite number?
True
Suppose y + 4*y + 5*c = -1705, c - 1339 = 4*y. Let g = 631 + y. Is g composite?
True
Suppose 0 = -5*k + 18*k - 4589. Is k prime?
True
Suppose -3*f - 63 = -0. Let x = 75 + -19. Let t = x + f. Is t a prime number?
False
Suppose -3*f = -x + 81, 0*f = -5*f - 20. Suppose 74 + x = 3*h - 5*t, 5*t = -5*h + 225. Is h a prime number?
False
Let h = -2 + 4. Suppose -h*c = -9 - 7. Let v = 49 + c. Is v a composite number?
True
Is 71/5 + 5/(-25) a prime number?
False
Suppose -3 = -m - 0. Let q be 1/m - (-2)/3. Suppose 57 = 5*y + 4*d - 58, -q = y - 4*d. Is y prime?
True
Let c(g) = 43*g**2 - 8*g + 8. Is c(5) a composite number?
True
Let z(f) = f**3 - 7*f**2 - 7*f + 5. Let v be z(6). Let p = v + 186. Is p a composite number?
False
Suppose 0*o - 3*o - 3*h + 3 = 0, -5*h = -4*o - 23. Let u be (-3 + 2)*o/(-1). Let i(j) = -34*j - 1. Is i(u) a prime number?
True
Let i be (-32)/(-4)*(-2 + 0). Let o = 69 + i. Is o a composite number?
False
Suppose 1523 = 4*f - 5*z, 0*f = -2*f - z + 751. Is f composite?
True
Let l = 3 - 1. Suppose -5*n + 8 + 4 = -4*m, -m + l = 0. Suppose n*w - 41 = 3. Is w composite?
False
Suppose -2*o + 722 = 4*h, 5*o + 0*h = -h + 1796. Is o prime?
True
Suppose -2*u - 4*p + 31 = -25, 0 = 4*u + 5*p - 109. Suppose u = -4*s + 2. Is 99/s*4/(-3) composite?
True
Let i(r) = 7*r**3 - r**2 + 8*r + 7. Is i(4) a prime number?
False
Is (-514)/5*(-15)/6 prime?
True
Let s be (2 - 1)*-3*-3. Let x = s - -10. Is x a prime number?
True
Suppose 4*p = 5*g - 591, g + 475 = 5*g - p. Is g a prime number?
False
Suppose 18 + 172 = -5*q. Let l = 69 + q. Let n = 98 - l. Is n a composite number?
False
Is (1071 - (1 + (4 - 1))) + 0 a composite number?
True
Let k = -16 - -22. Let u(z) = 6*z - 5. Is u(k) prime?
True
Suppose -3*z + 16 = -2*x, x - 2*x - 15 = -5*z. Is z*-6*10/(-8) composite?
True
Let x = -58 + 147. Suppose 0 = 4*c - 1131 - x. Is c a prime number?
False
Suppose 0 = -0*h + 14*h - 45346. Is h a prime number?
False
Let p(x) = -6*x - 3 + 1 - x - 1. Is p(-4) composite?
True
Let d(y) = y - 15. Let j be d(5). Is (-4)/j - 8709/(-15) prime?
False
Suppose 8 = -t - 5*w, 5*w = -5*t + 2*w + 48. Let f(i) = -i**3 + 13*i**2 - 2*i + 13. Is f(t) a prime number?
False
Let y be ((-12)/(-3))/(-1)*(-119)/(-7). Let p(o) = 122*o**3 + o**2 - o - 1. Let b be p(-1). Let w = y - b. Is w a prime number?
True
Let f = 203 - -612. Is f a prime number?
False
Let k(d) = -16*d**2 - 16*d - 9. Let o(h) = -3*h - 4 + 1 - 5*h**2 - 2*h. Let z(a) = 2*k(a) - 7*o(a). Is z(-4) a prime number?
False
Suppose d + d = 3*u - 265, -2*u - 4*d + 182 = 0. Is u a composite number?
False
Let t = 2780 - 1981. Is t composite?
True
Let y = -850 + 1587. Is y composite?
True
Let b = -8 + 10. Suppose 4*i = 5*g + i - 45, 2 = b*g + 2*i. Is (-164)/(-5) + g/30 a 